Let p be d/(3/(-2) - 203/(-116)). Let i(q) = -2*q**2 + 3*q - 5. What is i(p)?
-25
Let o(x) = x**2 - 9*x - 48. Let z be o(13). Let j(h) = 0*h**3 + z*h**2 + h**3 + 5*h - 10*h + 3. What is j(-5)?
3
Let s(n) = 2*n - 2 - 4*n - 1. Suppose 5*b - 5*i = -15, -5*i + 5 + 16 = -2*b. Suppose 0 = b*y - 2*c + 22, -2*y - y = c + 17. Calculate s(y).
11
Let b(i) = -i**2 + i - 1. Let z(k) = 6*k**2 - 10*k + 4. Let r be 5*1/1 + 360/(-90). Let o(q) = r*z(q) + 5*b(q). Let v be 7 - ((-3)/(-3) + 2). Give o(v).
-5
Let s = 25 + -4. Let b(z) = -s + 26 - 2*z - 14. Determine b(-6).
3
Suppose 42*v + 96 + 72 = 0. Let c(n) = -2*n**2 - 16*n - 41. Determine c(v).
-9
Let g(v) = -v**2 - 20*v - 65. Let o = -14630 + 14614. What is g(o)?
-1
Let t(r) = -37*r**3 + 9*r**2 + 14*r - 20. Let u = 722 - 739. Let o(q) = 13*q**3 - 3*q**2 - 5*q + 7. Let w(g) = u*o(g) - 6*t(g). Calculate w(3).
4
Let b(v) = 17*v**2 + 8*v - 1. Let f(m) = 11*m**2 + 8*m - 1. Let g(o) = 2*b(o) - 3*f(o). Determine g(9).
10
Let c(d) = 5*d. Let y = -418 + 416. Let x(b) = -50*b + 1. Let h(u) = y*x(u) - 18*c(u). What is h(3)?
28
Let s(m) = -m**3 + 3*m**2 + 3*m - 1. Let y(i) = -i**3 + 6*i**2 - 6*i - 6. Let n be 3/(-3) - 3*8/(-6). Let x be y(n). Give s(x).
8
Let c(n) = 278*n - 76*n - 65*n - 36 - 71*n - 74*n. Determine c(-6).
12
Let k(u) = 2*u**2 + 8*u - 2. Let g(l) = 2*l**2 - 12*l + 26. Let d be g(3). Let q = d + -14. Determine k(q).
22
Let z(q) = -q**3 + q**2 + 2*q + 6. Suppose 12 + 4 + 14 = 10*r. Determine z(r).
-6
Let u(t) = -214*t + 2*t**2 + 104*t - 9*t**3 + 107*t + 32 + 8*t**3 - 5*t**2. What is u(0)?
32
Let v be ((-5)/(-4))/((-1)/4). Let f(a) = 5*a**3 - 8*a**2 + 8. Let k(q) = -13*q**3 + 17*q**2 - 19. Let z(u) = 5*f(u) + 2*k(u). Calculate z(v).
-23
Let m(c) = -6*c + 100. Let l(y) = y - 19. Let j(i) = 16*l(i) + 3*m(i). Let s(z) = 5*z + 7. Let k be s(-2). Give j(k).
2
Suppose -108 + 18 = -5*g. Suppose -c - c = 2, -r + 10 = -2*c. Let m(i) = 7*i + r*i - 23*i + 7*i + g. Calculate m(14).
4
Let y(h) = 0 - 7 + 32 - 6*h - 8 - 8. What is y(-8)?
57
Let f = -8215 - -8229. Let i(k) = k**3 - 13*k**2 - 18*k - 10. Determine i(f).
-66
Suppose 5*w = 116 - 101. Let g(s) = -2*s**3 + 3*s**2 - 2*s + 1. Let c(x) = 2*x**3 - 2*x**2 + 2*x - 1. Let a(z) = w*c(z) + 2*g(z). What is a(1)?
3
Let f(a) = -3*a + 28*a + 415 - 696 + 474 + 3*a. Calculate f(-7).
-3
Let j(s) = 682*s + 3. Let l(i) = -545*i - 2. Let z(h) = 4*j(h) + 5*l(h). Give z(-2).
-4
Suppose -5*l - 168 = -2*l. Let s = -53 - l. Let b(c) = 1 - 2*c**s - 4*c**3 + c**2 - 22*c + 21*c. Calculate b(1).
-5
Let w be 8 - -3 - (-11 - (4 + -24)). Let q(v) = -2*v**2 - 7*v + 5. Let o(c) = 5*c**2 + 15*c - 11. Let r(b) = 4*o(b) + 9*q(b). Calculate r(w).
3
Let w(u) = -u**3 + 19*u**2 - 71*u + 21. Let a be w(14). Let d(s) = -7*s + 9. Give d(a).
-40
Let j(o) = o**2 + 6*o - 14. Let v(w) = w**2 + 5*w - 12. Let b = -182 + 177. Let a(m) = b*v(m) + 4*j(m). Calculate a(-3).
-2
Suppose -54*z + 4 + 320 = 0. Let b(k) = k**2 - 10*k + 26. What is b(z)?
2
Let k(s) = -2*s - 2. Let c be -2 + 4*(-2 - (-52)/(-8)). Let w = c + 8. Let r = 25 + w. What is k(r)?
4
Suppose r = 11*v - 9*v - 4, 4*v = -2*r + 32. Let l(t) = -t**3 + 2*t**2 + 12. Give l(r).
-132
Let g = 2546 + -2526. Let r(c) = -2*c - 48. Calculate r(g).
-88
Let h(c) = -207*c + 12. Let b(i) = -358*i + 25. Let w(z) = -3*b(z) + 5*h(z). Give w(2).
63
Let d(u) be the second derivative of u**5/10 + 13*u**4/12 + u**3 - 547*u - 2. Calculate d(-6).
0
Let u(q) = -2*q - 2. Let r(i) = 3*i + 1. Let w(v) = 11*v + 4. Let t(p) = -7*r(p) + 2*w(p). Let m(d) = -15*t(d) - 6*u(d). Determine m(3).
-12
Let j(v) = 24703*v - 2 - 12351*v - 12351*v. Suppose 11 = -2*q + 4*q - x, q - 1 = -4*x. Calculate j(q).
3
Let q(r) = r**3 - 17*r**2 - 18*r - 13. Let l = 719 - 687. Let y = l + -14. Determine q(y).
-13
Let d(c) = c - 1. Let f(b) = -b**2 + 4*b. Let l(w) = -6*d(w) + f(w). Let j = -25 - -18. Let v be (-6 - j)*(1 - 4)*2. Give l(v).
-18
Let t(q) = 22*q + 3. Let a(i) = 78*i + 12. Let j(x) = 5*a(x) - 18*t(x). What is j(-18)?
114
Let p(j) = 0 + 358*j**2 - 2*j**3 - 187*j**2 - 6*j - 2 - 177*j**2. Give p(-3).
16
Suppose -w - 1 = l, -5*w - 17 = -32*l + 33*l. Let h(k) be the first derivative of 6*k - 11/2*k**2 - 1/4*k**4 + 22 - 4*k**l. Calculate h(-11).
6
Let i(n) = n**3 - 3*n**2 - 3*n + 6. Let s = -572 - -572. Suppose 31*o - 41*o + 30 = s. Give i(o).
-3
Suppose -r - 15 = -3*x + x, 4*r + 24 = 2*x. Let p(b) = 0 - x + 14928*b**3 - 14927*b**3 - 10*b**2. Give p(10).
-6
Let r(j) = 2*j - 27. Suppose 0 = 2*q - 5*s, 0 = -38*s + 35*s. What is r(q)?
-27
Let d(r) be the third derivative of 7*r**4/12 - 4*r**3/3 - 1137*r**2. What is d(1)?
6
Let u(t) = -t**2 + t + 10. Let l be (-2)/12 - ((-7337)/174)/(-11). What is u(l)?
-10
Suppose 0 = -10827*f + 10874*f + 1598. Let g(v) = -v**3 - 35*v**2 - 39*v - 159. What is g(f)?
11
Let g(m) = 0*m + m**2 - 342 + m + m - 6*m + 339. Calculate g(-3).
18
Suppose -7*c + 11*c - 4 = -z, 0 = -4*c - 4*z + 16. Let m be c + -6 + (-3)/((-12)/40). Let g(o) = o**3 - 5*o**2 + 9*o - 12. Calculate g(m).
8
Let z = -84 - -79. Let f(l) = -2*l + 16. Let v be f(6). Let c(t) = -3*t**2 - v*t + 5*t - 5*t + 2*t**2. Determine c(z).
-5
Let t(m) be the first derivative of -11*m**4/12 + m**3/6 - m**2/2 - 37*m + 30. Let y(u) be the first derivative of t(u). What is y(1)?
-11
Let x(s) be the first derivative of s**4/4 + 17*s**3/3 - 17*s**2/2 + 33*s - 818. Calculate x(-18).
15
Let m(d) = -d**3 - 3*d**2 + 5*d - 3. Let n(r) = 4*r + 2. Let v be n(8). Let w be 3 + v/(-12) + 100/(-24). Determine m(w).
-7
Let a(v) = v**2 + 36*v + 31. Let u(p) = 7*p + 6. Let r(k) = 2*a(k) - 11*u(k). Let g(y) = 4*y**2 + 2*y + 2. Suppose 0*j - 4*j = 4. Let t be g(j). What is r(t)?
8
Let k(t) = -20*t**3 - 27*t**2 - 25*t - 1. Let u(o) = -9*o**3 - 11*o**2 - 12*o - 1. Let v(l) = -4*k(l) + 9*u(l). Give v(8).
-5
Let x(u) = -4*u + 2. Suppose 4*q = 4*t, 2*t - 4*q - 6 = -0*q. Let p be (0 + 1)/(t/15). Let f be p*(0 - (-6)/(-15)). Give x(f).
-6
Let x(w) = 53*w + 1. Let y(p) = 201*p + 18. Let r(l) = 4*x(l) - y(l). What is r(5)?
41
Let a(l) = -103*l**2 + 4*l + 104*l**2 + 139 + 25*l. Let d be a(-23). Let g(n) = -16*n**2. Calculate g(d).
-16
Let t(h) = -4*h - 145. Let p(q) = -4*q + 5. Let s(y) = -2*p(y) + t(y). What is s(36)?
-11
Suppose -2*u = -w + 4, 5*w + 2*u - 6 - 50 = 0. Let r(f) = -17*f - w*f**2 - 10 - f**3 + 4 + 15*f. Give r(-10).
14
Let j(s) be the third derivative of -s**5/60 + 11*s**4/24 + 5*s**3/3 - 904*s**2. Determine j(-5).
-70
Let l(r) = 1 - 16668*r + 16660*r + 0. Let d be ((-28)/35)/(2/5). Calculate l(d).
17
Let d(o) = -o**2 + 5*o + 41. Let j(a) = -2*a**2 - 108*a - 1434. Let b be j(-24). Give d(b).
35
Let b(h) = h**2 + 11*h + 12. Let y(x) = -3*x**2 - 3*x - 5. Let c be y(-4). Suppose 0 = 4*o + 5*z - 139, 0 = 2*o + o - 2*z - 87. Let d = c + o. Determine b(d).
2
Let s(a) = 16*a + 56. Let y = 10917 - 10921. Calculate s(y).
-8
Suppose -15*v + 1262 - 630 - 632 = 0. Let h(u) = u**3 - 2*u**2 + u - 9. Determine h(v).
-9
Suppose 0*g = 2*g - 2. Let f be 0*(1/(-2) - 0). Let s(h) = h**3 + h**2 - 10 + f*h + h + g - 2*h. Determine s(0).
-9
Let r(u) = 2*u + 51. Let b = -17642 + 17627. Determine r(b).
21
Suppose t = -5*f - 0*f + 21, -t + 11 = 3*f. Let g(q) = 19*q + 74. Let l be g(t). Let y(x) = 7*x**2 + 1. Calculate y(l).
29
Let f(x) = x**2 + 8*x - 11. Let d = -197 + 273. Suppose -9*h - d = -4. Determine f(h).
-11
Let a = -23803 - -23797. Let t(g) = 2*g**3 + 16*g**2 + 15*g + 13. Determine t(a).
67
Let i(y) = y**3 + 6*y**2 + 8*y + 7. Let p(g) = 6 + 0 + 29864*g - 29856*g + g**3 + 7*g**2. Let r(w) = 2*i(w) - 3*p(w). Let u = -21 - -13. Calculate r(u).
-4
Suppose -125*x - 1003 = -66*x. Let k(h) = 20*h**2 + 65*h - 49. Let g(t) = -7*t**2 - 22*t + 16. Let p(r) = 17*g(r) + 6*k(r). Determine p(x).
-5
Let i(r) be the first derivative of -r**4/2 + 4*r**3/3 + 13*r**2/2 + 4*r + 5375. What is i(4)?
-8
Let n(s) = 13*s**2 - 2*s - 6. Let y(p) = -8*p**2 + 3*p + 3. Let w(j) = -3*n(j) - 5*y(j). What is w(4)?
-17
Let v(i) = i**2 - 24*i + 77. Suppose -749 = -126*d - 31 + 1802. What is v(d)?
-3
Let w(n) be the first derivative of -n**7/840 - n**6/180 + n**5/60 + n**4/6 - 41*n**3/3 + n - 277. Let r(s) be the third derivative of w(s). Give r(3).
-35
Let i(z) = 2*z**2 + 37*z + 18. Let g be i(-18). Suppose g = 138*r - 143*r - 50. Let s(w) = w**2 + 12*w + 13. Calculate s(r).
-7
Let